5?
e14
2711 (base 13) to base 10
5591
c7b (base 13) to base 5
32010
-114303 (base 5) to base 13
-1c7c
What is -531300 (base 6) in base 12?
-20b30
Convert -102011 (base 3) to base 2.
-100101101
639 (base 12) to base 7
2436
What is -110000010 (base 2) in base 12?
-282
Convert 658 (base 16) to base 14.
840
What is 1033112 (base 4) in base 10?
5078
What is 66a2 (base 11) in base 9?
13084
-e63 (base 15) to base 2
-110010101011
Convert 485 (base 13) to base 10.
785
What is -5235 (base 13) in base 2?
-10110001100111
122 (base 6) to base 3
1212
1102 (base 7) to base 6
1454
-5175 (base 11) to base 5
-204413
What is -23020 (base 5) in base 15?
-740
15026 (base 8) to base 2
1101000010110
222320 (base 5) to base 3
101202012
Convert -686 (base 13) to base 2.
-10001100100
-37 (base 16) to base 7
-106
1110100111 (base 2) to base 5
12220
What is 2122 (base 10) in base 14?
ab8
What is -1412 (base 5) in base 8?
-350
Convert 30101 (base 7) to base 4.
1301111
Convert -1101000000 (base 2) to base 4.
-31000
What is -220122 (base 3) in base 6?
-3025
Convert -1b31 (base 12) to base 10.
-3349
-3331222 (base 4) to base 11
-11219
What is 1304224 (base 5) in base 8?
61734
-687 (base 13) to base 5
-14000
Convert 10754 (base 8) to base 4.
1013230
Convert -11736 (base 9) to base 10.
-7890
e3e2 (base 15) to base 13
18bab
What is -243222 (base 6) in base 5?
-1141340
What is 23102 (base 4) in base 11?
5a7
-42a (base 11) to base 4
-20010
12120 (base 4) to base 12
2a0
Convert -200101001 (base 3) to base 5.
-412033
-5bc (base 13) to base 16
-3e8
-384 (base 14) to base 16
-2c0
What is -110010010 (base 2) in base 7?
-1113
What is 10000101001 (base 2) in base 15?
4b0
Convert -1541 (base 10) to base 4.
-120011
Convert -15147 (base 8) to base 2.
-1101001100111
-648d (base 16) to base 11
-18381
44a1 (base 13) to base 2
10010101111011
Convert -1323400 (base 5) to base 16.
-6865
Convert 1206 (base 10) to base 11.
9a7
-10000111001101 (base 2) to base 16
-21cd
What is 1033 (base 9) in base 3?
1001010
30a (base 11) to base 2
101110101
5b9 (base 14) to base 11
94a
-10044 (base 5) to base 13
-3ac
ec5 (base 16) to base 10
3781
-5 (base 15) to base 13
-5
What is -11101011001 (base 2) in base 13?
-b19
Convert -29 (base 13) to base 11.
-32
What is 10120 (base 4) in base 2?
100011000
-590 (base 12) to base 10
-828
Convert -2246 (base 8) to base 12.
-832
Convert -145600 (base 7) to base 6.
-335324
Convert -1001001011010 (base 2) to base 5.
-122243
2035 (base 6) to base 8
707
What is -2175 (base 9) in base 3?
-2012112
Convert -173a8 (base 13) to base 10.
-44585
What is 9080 (base 12) in base 3?
210110120
What is 18259 (base 10) in base 16?
4753
What is -4024 (base 16) in base 15?
-4cea
Convert -8d5 (base 16) to base 14.
-b77
51552 (base 7) to base 13
5997
Convert 11001010 (base 2) to base 12.
14a
What is -1001001111010101 (base 2) in base 14?
-db13
Convert -2898 (base 10) to base 15.
-cd3
Convert -14232 (base 5) to base 4.
-102220
Convert 441 (base 10) to base 16.
1b9
Convert -b (base 13) to base 2.
-1011
What is -64b (base 14) in base 11?
-a30
96a0 (base 12) to base 3
211200110
-350554 (base 7) to base 16
-f4f6
What is -1225 (base 10) in base 9?
-1611
Convert -4c5 (base 16) to base 8.
-2305
-116 (base 11) to base 6
-350
What is -100020 (base 3) in base 16?
-f9
Convert -234200 (base 5) to base 15.
-2885
10463 (base 7) to base 8
5122
-254 (base 6) to base 2
-1101010
Convert 3833 (base 10) to base 12.
2275
Convert 24a (base 11) to base 6.
1212
-286 (base 9) to base 2
-11110000
-1b (base 12) to base 7
-32
-414 (base 7) to base 13
-12c
-624 (base 10) to base 2
-1001110000
211211111 (base 3) to base 15
4dea
What is 166110 (base 7) in base 10?
33327
What is 2139 (base 11) in base 4?
230021
Convert 6a8 (base 12) to base 10.
992
What is -165a7 (base 11) in base 14?
-871b
Convert a4d (base 14) to base 11.
1585
What is 20634 (base 8) in base 3?
102210200
16408 (base 10) to base 8
40030
Convert -1778 (base 14) to base 3.
-12210101
15286 (base 9) to base 16
28ce
-866b (base 12) to base 6
-152215
-5 (base 12) to base 5
-10
Convert 178 (base 13) to base 3.
100221
Convert 1011000 (base 3) to base 14.
43b
Convert -7599 (base 10) to base 5.
-220344
Convert 553334 (base 6) to base 14.
12b58
1444 (base 5) to base 2
11111001
What is 101010011000 (base 2) in base 3?
10201110
What is 477 (base 13) in base 4?
30012
Convert -501535 (base 7) to base 6.
-1451521
Convert -283 (base 15) to base 12.
-3b9
Convert 743 (base 13) to base 15.
578
5007 (base 8) to base 5
40232
What is 37a (base 13) in base 14?
316
Convert 10011012 (base 4) to base 11.
11611
Convert 3134 (base 6) to base 3.
222011
What is 337 (base 8) in base 3?
22021
Convert 1120310 (base 4) to base 15.
1a3e
What is 70d (base 14) in base 9?
1808
What is -1116 (base 9) in base 16?
-339
What is -5504 (base 7) in base 12?
-1178
Convert 496 (base 13) to base 4.
30133
111111000011001 (base 2) to base 4
13320121
What is 14d6 (base 16) in base 15?
18a9
-10001010011001101 (base 2) to base 13
-2633b
What is -1756 (base 8) in base 14?
-51c
-11343 (base 5) to base 11
-701
Convert 154532 (base 6) to base 7.
62444
-b50 (base 16) to base 5
-43041
Convert -5082 (base 13) to base 16.
-2b53
Convert 11000101111 (base 2) to base 15.
708
-30411 (base 5) to base 13
-b95
437 (base 13) to base 12
502
-1200122 (base 3) to base 5
-14412
-43335 (base 6) to base 14
-225d
-11783 (base 10) to base 8
-27007
What is 100010000010 (base 2) in base 9?
2880
-1555a (base 11) to base 9
-33116
What is -23b (base 15) in base 4?
-13322
What is -38e2 (base 15) in base 16?
-2f69
Convert 12330 (base 4) to base 14.
23a
263 (base 10) to base 8
407
Convert 170 (base 13) to base 11.
217
What is -111100020 (base 3) in base 2?
-10010111111110
-1141 (base 10) to base 2
-10001110101
-113231 (base 4) to base 3
-2002012
Convert -131331 (base 4) to base 11.
-1493
What is -1ab5 (base 12) in base 14?
-12c1
22023 (base 6) to base 12
1913
-225 (base 9) to base 11
-159
Convert -117a (base 12) to base 2.
-11110101110
Convert 1138 (base 9) to base 8.
1515
Convert 1403 (base 5) to base 2.
11100100
4c15 (base 14) to base 11
a034
Convert -11a (base 13) to base 5.
-1232
65065 (base 8) to base 3
1101022000
2310323 (base 4) to base 12
684b
Convert 21111122 (base 3) to base 12.
31bb
What is -ce10 (base 16) in base 5?
-3142002
What is -321 (base 7) in base 11?
-138
5b32 (base 13) to base 8
31125
-11435 (base 8) to base 3
-20201020
Convert -1403 (base 8) to base 5.
-11041
Convert -300311 (base 4) to base 2.
-110000110101
Convert 56f (base 16) to base 13.
830
-3022 (base 9) to base 16
-89f
What is 11223 (base 5) in base 16?
32d
-2768 (base 12) to base 7
-16151
Convert -43c (base 14) to base 4.
-31012
What is 320 (base 9) in base 4?
10011
Convert -3031 (base 4) to base 8.
-315
13203 (base 9) to base 12
51a9
What is 1011010111 (base 2) in base 8?
1327
What is -353ba (base 12) in base 2?
-10001011011111110
853 (base 13) to base 9
1847
Convert -3344 (base 7) to base 12.
-848
101103 (base 4) to base 3
1112000
-1338 (base 11) to base 7
-5026
46412 (base 10) to base 16
b54c
-644 (base 15) to base 7
-4060
2001 (base 4) to base 14
93
Convert -48a (base 12) to base 2.
-1010101010
-c0 (base 13) to base 15
-a6
Convert 120120 (base 3) to base 5.
3140
What is -24320 (base 8) in base 13?
-49a9
11d (base 15) to base 10
253
12201120 (base 3) to base 15
1383
Convert -10141 (base 6) to base 5.
-20412
Convert -11200 (base 4) to base 3.
-111001
21601 (base 7) to base 13
2626
What is -894 (base 14) in base 3?
-2022220
Convert 22212 (base 13) to base 11.
42535
-56372 (base 9) to base 3
-1220102102
7112 (base 9) to base 5
131240
Convert 12132 (base 4) to base 8.
636
Convert 2120211 (base 3) to base 16.
75d
What is -2f2a (base 16) in base 4?
-2330222
-2a618 (base 11) to base 14
-11b17
What is -3ba (base 13) in base 16?
-294
Convert -10110010 (base 2) to base 8.
-262
Convert -1bc (base 14) to base 2.
-101101010
What is 453c (base 15) in base 14?
54ca
Convert 2 (base 12) to base 15.
2
111110110 (base 2) to base 16
1f6
Convert -23310 (base 6) to base 12.
-1b36
What is 32311 (base 5) in base 10?
2206
121111 (base 3) to base 11
375
What is 165a (base 14) in base 10?
4000
Convert 5339 (base 14) to base 15.
43c4
-5845 (base 11) to base 3
-101112011
1102032 (base 